0564076?
4
What is the thousands digit of 199299450?
9
What is the hundred millions digit of 643624182?
6
What is the millions digit of 281957714?
1
What is the millions digit of 418000144?
8
What is the tens digit of 76166187?
8
What is the tens digit of 78691223?
2
What is the millions digit of 1221993406?
1
What is the tens digit of 64118779?
7
What is the hundreds digit of 245671542?
5
What is the ten thousands digit of 704308824?
0
What is the tens digit of 84038287?
8
What is the hundred millions digit of 6150119172?
1
What is the thousands digit of 37717468?
7
What is the ten millions digit of 70939261?
7
What is the ten thousands digit of 2917622424?
2
What is the hundred millions digit of 173525594?
1
What is the ten thousands digit of 204115120?
1
What is the thousands digit of 156175528?
5
What is the ten thousands digit of 229899623?
9
What is the hundreds digit of 57068223?
2
What is the thousands digit of 1323507390?
7
What is the millions digit of 80981754?
0
What is the units digit of 2505983219?
9
What is the hundred millions digit of 3992864267?
9
What is the hundreds digit of 3984504966?
9
What is the hundred thousands digit of 440829156?
8
What is the units digit of 159056636?
6
What is the units digit of 3970004784?
4
What is the ten millions digit of 8474742813?
7
What is the tens digit of 90900479?
7
What is the hundred thousands digit of 74945564?
9
What is the hundreds digit of 1046468674?
6
What is the ten thousands digit of 256057960?
5
What is the millions digit of 126382332?
6
What is the ten thousands digit of 42387129?
8
What is the ten millions digit of 232101394?
3
What is the ten millions digit of 840421828?
4
What is the tens digit of 325746104?
0
What is the thousands digit of 235498912?
8
What is the hundreds digit of 33289938?
9
What is the ten thousands digit of 8550592?
5
What is the hundred thousands digit of 10424069?
4
What is the units digit of 1222283171?
1
What is the tens digit of 63716132?
3
What is the thousands digit of 120327972?
7
What is the hundreds digit of 189770034?
0
What is the millions digit of 17528332?
7
What is the hundred millions digit of 2705914257?
7
What is the hundred millions digit of 280421567?
2
What is the tens digit of 127145523?
2
What is the ten thousands digit of 171939877?
3
What is the tens digit of 731036688?
8
What is the ten millions digit of 37634880?
3
What is the ten thousands digit of 54890110?
9
What is the hundreds digit of 802956578?
5
What is the ten millions digit of 165486293?
6
What is the units digit of 214229736?
6
What is the hundreds digit of 481568388?
3
What is the hundreds digit of 601683452?
4
What is the billions digit of 1108656870?
1
What is the units digit of 6599798876?
6
What is the thousands digit of 367440882?
0
What is the thousands digit of 590183152?
3
What is the ten millions digit of 158550110?
5
What is the millions digit of 256816986?
6
What is the thousands digit of 539212012?
2
What is the ten thousands digit of 6023090609?
9
What is the hundred thousands digit of 610692360?
6
What is the tens digit of 44062806?
0
What is the thousands digit of 782039493?
9
What is the ten millions digit of 361012031?
6
What is the tens digit of 1010474911?
1
What is the ten millions digit of 2800385073?
0
What is the ten millions digit of 122164826?
2
What is the millions digit of 356004314?
6
What is the thousands digit of 63889975?
9
What is the ten thousands digit of 1276786333?
8
What is the hundred millions digit of 887641737?
8
What is the hundreds digit of 999983766?
7
What is the hundreds digit of 424563583?
5
What is the tens digit of 43693953?
5
What is the hundreds digit of 1640995874?
8
What is the units digit of 36310060?
0
What is the ten thousands digit of 49237591?
3
What is the ten thousands digit of 675206308?
0
What is the hundred millions digit of 340450101?
3
What is the ten millions digit of 34066304?
3
What is the hundreds digit of 492466777?
7
What is the units digit of 19836165?
5
What is the thousands digit of 91164777?
4
What is the units digit of 5785369510?
0
What is the millions digit of 410154541?
0
What is the ten millions digit of 1739525264?
3
What is the ten thousands digit of 135268121?
6
What is the millions digit of 149270649?
9
What is the tens digit of 172918181?
8
What is the hundred millions digit of 724328272?
7
What is the hundred thousands digit of 305391048?
3
What is the millions digit of 1193791986?
3
What is the millions digit of 237682403?
7
What is the hundred millions digit of 3705052703?
7
What is the thousands digit of 672502344?
2
What is the thousands digit of 2533592312?
2
What is the hundred millions digit of 104024646?
1
What is the hundred millions digit of 124483883?
1
What is the thousands digit of 11116207?
6
What is the ten thousands digit of 184366712?
6
What is the millions digit of 11048215?
1
What is the tens digit of 2108904397?
9
What is the hundred millions digit of 675277822?
6
What is the hundred thousands digit of 5489346590?
3
What is the thousands digit of 804756743?
6
What is the billions digit of 2045050878?
2
What is the millions digit of 328766103?
8
What is the millions digit of 296231983?
6
What is the ten millions digit of 6437217534?
3
What is the hundred millions digit of 116894496?
1
What is the units digit of 456565935?
5
What is the tens digit of 59842453?
5
What is the tens digit of 27534578?
7
What is the hundred thousands digit of 66665484?
6
What is the billions digit of 1291834090?
1
What is the units digit of 13385718?
8
What is the hundred thousands digit of 651529545?
5
What is the ten millions digit of 169419058?
6
What is the ten thousands digit of 61804031?
0
What is the hundreds digit of 716715325?
3
What is the thousands digit of 27247929?
7
What is the units digit of 40884017?
7
What is the units digit of 51972118?
8
What is the ten thousands digit of 628020208?
2
What is the thousands digit of 1249864562?
4
What is the billions digit of 1054471580?
1
What is the ten thousands digit of 686225626?
2
What is the thousands digit of 1273405131?
5
What is the millions digit of 41712566?
1
What is the hundred thousands digit of 13326245?
3
What is the millions digit of 232325982?
2
What is the ten millions digit of 3582059492?
8
What is the ten thousands digit of 28647979?
4
What is the hundreds digit of 595181550?
5
What is the tens digit of 263129102?
0
What is the thousands digit of 2166030249?
0
What is the ten thousands digit of 1201274442?
7
What is the hundred thousands digit of 462956877?
9
What is the ten millions digit of 601418514?
0
What is the ten millions digit of 203378523?
0
What is the tens digit of 57580012?
1
What is the thousands digit of 74440523?
0
What is the ten thousands digit of 117055349?
5
What is the ten thousands digit of 287363906?
6
What is the ten millions digit of 687465768?
8
What is the thousands digit of 850846349?
6
What is the hundred thousands digit of 1400064246?
0
What is the ten thousands digit of 844316779?
1
What is the ten thousands digit of 5946366947?
6
What is the hundred millions digit of 1007970024?
0
What is the tens digit of 185008812?
1
What is the millions digit of 73753118?
3
What is the millions digit of 33606216?
3
What is the thousands digit of 43211953?
1
What is the thousands digit of 121078998?
8
What is the units digit of 179260996?
6
What is the thousands digit of 14998764?
8
What is the hundreds digit of 800189587?
5
What is the hundred millions digit of 203982842?
2
What is the hundreds digit of 1186282046?
0
What is the tens digit of 604139?
3
What is the hundreds digit of 2932228?
2
What is the units digit of 282709225?
5
What is the hundred thousands digit of 88119683?
1
What is the millions digit of 55267788?
5
What is the ten thousands digit of 3953129548?
2
What is the units digit of 250731052?
2
What is the hundreds digit of 240174156?
1
What is the hundred millions digit of 494939711?
4
What is the thousands digit of 3605422288?
2
What is the hundreds digit of 261662289?
2
What is the hundreds digit of 3264457976?
9
What is the hundred millions digit of 1417540171?
4
What is the units digit of 3321491786?
6
What is the hundreds digit of 174209187?
1
What is the ten millio